e factors of 3227626?
2, 1613813
What are the prime factors of 4267502?
2, 251, 8501
What are the prime factors of 1977686?
2, 79, 12517
List the prime factors of 1214175.
3, 5, 16189
List the prime factors of 1133880.
2, 3, 5, 11, 859
What are the prime factors of 3986936?
2, 498367
What are the prime factors of 207781?
7, 29683
List the prime factors of 724996.
2, 211, 859
List the prime factors of 2172259.
233, 9323
What are the prime factors of 999903?
3, 79, 4219
List the prime factors of 250233.
3, 239, 349
List the prime factors of 194817.
3, 7, 9277
List the prime factors of 2894032.
2, 191, 947
What are the prime factors of 1857780?
2, 3, 5, 10321
What are the prime factors of 671302?
2, 59, 5689
List the prime factors of 577695.
3, 5, 19, 2027
List the prime factors of 15197863.
97, 156679
List the prime factors of 2240393.
419, 5347
List the prime factors of 949457.
37, 67, 383
List the prime factors of 32211369.
3, 229, 15629
List the prime factors of 5146126.
2, 2573063
What are the prime factors of 1498741?
1498741
List the prime factors of 15205639.
15205639
List the prime factors of 39346.
2, 103, 191
List the prime factors of 10034111.
31, 431, 751
List the prime factors of 8570016.
2, 3, 7, 13, 109
List the prime factors of 5648158.
2, 2824079
What are the prime factors of 173129?
11, 15739
List the prime factors of 823324.
2, 37, 5563
What are the prime factors of 1866991?
7, 17, 29, 541
What are the prime factors of 1372769?
19, 72251
What are the prime factors of 1071127?
113, 9479
List the prime factors of 9556753.
19, 23, 1151
List the prime factors of 206044.
2, 51511
What are the prime factors of 347258?
2, 173629
What are the prime factors of 1899464?
2, 7, 107, 317
List the prime factors of 136300.
2, 5, 29, 47
What are the prime factors of 3630591?
3, 41, 9839
What are the prime factors of 185219?
23, 8053
What are the prime factors of 8791742?
2, 467, 9413
What are the prime factors of 192111?
3, 64037
What are the prime factors of 874512?
2, 3, 6073
What are the prime factors of 1532374?
2, 766187
What are the prime factors of 11220259?
53, 269, 787
List the prime factors of 230454.
2, 3, 7, 31, 59
List the prime factors of 755232.
2, 3, 7867
List the prime factors of 262975.
5, 67, 157
What are the prime factors of 656168?
2, 82021
List the prime factors of 298921.
7, 42703
List the prime factors of 2710828.
2, 337, 2011
List the prime factors of 163263.
3, 54421
What are the prime factors of 2737043?
2737043
List the prime factors of 260107.
23, 43, 263
What are the prime factors of 1657806?
2, 3, 17, 16253
List the prime factors of 5169603.
3, 37, 46573
What are the prime factors of 651846?
2, 3, 13, 61, 137
List the prime factors of 1137370.
2, 5, 13, 673
List the prime factors of 12070020.
2, 3, 5, 201167
What are the prime factors of 1142314?
2, 571157
What are the prime factors of 1071092?
2, 11, 2213
What are the prime factors of 2074280?
2, 5, 13, 3989
What are the prime factors of 626084?
2, 156521
What are the prime factors of 206725?
5, 8269
What are the prime factors of 20583?
3, 2287
List the prime factors of 556697.
556697
What are the prime factors of 3627363?
3, 1209121
What are the prime factors of 11640804?
2, 3, 7, 138581
List the prime factors of 1420333.
17, 29, 43, 67
What are the prime factors of 6547097?
443, 14779
What are the prime factors of 719628?
2, 3, 7, 13, 659
List the prime factors of 318350.
2, 5, 6367
What are the prime factors of 438475?
5, 17539
What are the prime factors of 1231438?
2, 13, 47363
List the prime factors of 642491.
89, 7219
What are the prime factors of 322466?
2, 161233
What are the prime factors of 2539178?
2, 1269589
What are the prime factors of 971422?
2, 71, 6841
List the prime factors of 43103.
43103
What are the prime factors of 27623?
23, 1201
List the prime factors of 346383.
3, 12829
List the prime factors of 1042012.
2, 89, 2927
What are the prime factors of 5486875?
5, 8779
List the prime factors of 223993.
7, 11, 2909
What are the prime factors of 2002126?
2, 7, 83, 1723
List the prime factors of 166239.
3, 47, 131
What are the prime factors of 365570?
2, 5, 139, 263
What are the prime factors of 463608?
2, 3, 47, 137
List the prime factors of 787353.
3, 7, 37493
What are the prime factors of 3739435?
5, 7, 15263
What are the prime factors of 390627?
3, 43403
List the prime factors of 408289.
7, 17, 47, 73
What are the prime factors of 3915668?
2, 978917
List the prime factors of 2870310.
2, 3, 5, 241, 397
List the prime factors of 233305.
5, 29, 1609
List the prime factors of 935541.
3, 19, 5471
What are the prime factors of 524390?
2, 5, 41, 1279
What are the prime factors of 41106647?
241, 281, 607
List the prime factors of 416613.
3, 19, 7309
List the prime factors of 1150517.
29, 97, 409
What are the prime factors of 731686?
2, 41, 8923
List the prime factors of 16243700.
2, 5, 11, 14767
List the prime factors of 250929.
3, 7, 569
What are the prime factors of 37564277?
37564277
What are the prime factors of 31943766?
2, 3, 251, 21211
List the prime factors of 5744629.
11, 522239
List the prime factors of 21580829.
1367, 15787
What are the prime factors of 16162718?
2, 11, 13, 31, 1823
What are the prime factors of 2704480?
2, 5, 16903
List the prime factors of 1360224.
2, 3, 4723
What are the prime factors of 150712?
2, 18839
What are the prime factors of 480278?
2, 240139
List the prime factors of 95879.
7, 13697
What are the prime factors of 4110750?
2, 3, 5, 7, 29
What are the prime factors of 29511188?
2, 7, 1053971
What are the prime factors of 92659?
7, 31, 61
What are the prime factors of 17721?
3, 11, 179
What are the prime factors of 8017202?
2, 19, 23, 9173
List the prime factors of 24272573.
13, 73, 25577
What are the prime factors of 16453865?
5, 3290773
List the prime factors of 439401.
3, 149, 983
What are the prime factors of 448006?
2, 13, 17231
List the prime factors of 564369.
3, 13, 29, 499
What are the prime factors of 2653514?
2, 1326757
List the prime factors of 2178552.
2, 3, 43, 2111
List the prime factors of 168500.
2, 5, 337
List the prime factors of 4333057.
4333057
What are the prime factors of 8013070?
2, 5, 13, 53, 1163
List the prime factors of 174021.
3, 19, 43, 71
List the prime factors of 474995.
5, 94999
What are the prime factors of 11558860?
2, 5, 659, 877
List the prime factors of 7473728.
2, 31, 3767
List the prime factors of 6413053.
53, 121001
List the prime factors of 1356995.
5, 127, 2137
List the prime factors of 707341.
707341
What are the prime factors of 271988?
2, 97, 701
List the prime factors of 112006.
2, 56003
What are the prime factors of 3451509?
3, 31, 89, 139
What are the prime factors of 193698?
2, 3, 17, 211
What are the prime factors of 927696?
2, 3, 7, 11, 251
What are the prime factors of 473832?
2, 3, 6581
What are the prime factors of 537722?
2, 268861
List the prime factors of 2057699.
7, 293957
What are the prime factors of 11319991?
19, 31, 19219
List the prime factors of 1281859.
23, 55733
List the prime factors of 1656901.
1656901
List the prime factors of 5791263.
3, 59, 32719
What are the prime factors of 181249?
211, 859
List the prime factors of 1038876.
2, 3, 86573
What are the prime factors of 6931782?
2, 3, 11, 13, 2693
List the prime factors of 3947985.
3, 5, 59, 1487
What are the prime factors of 11440528?
2, 11, 65003
What are the prime factors of 12423522?
2, 3, 2070587
List the prime factors of 4442163.
3, 11, 227, 593
What are the prime factors of 536627?
7, 13, 5897
What are the prime factors of 82136?
2, 10267
What are the prime factors of 349595?
5, 29, 2411
What are the prime factors of 12835398?
2, 3, 2139233
List the prime factors of 2478910.
2, 5, 7, 5059
What are the prime factors of 12810760?
2, 5, 320269
What are the prime factors of 285812?
2, 71453
What are the prime factors of 671579?
79, 8501
List the prime factors of 1394660.
2, 5, 137, 509
What are the prime factors of 5413858?
2, 2706929
What are the prime factors of 155133?
3, 11, 1567
What are the prime factors of 321707?
321707
What are the prime factors of 422532?
2, 3, 11, 97
List the prime factors of 4728994.
2, 67, 35291
What are the prime factors of 1875681?
3, 208409
What are the p